{"id":6118,"date":"2025-04-03T10:06:52","date_gmt":"2025-04-03T10:06:52","guid":{"rendered":"https:\/\/prosistav.pt\/versao2\/?page_id=6118"},"modified":"2025-09-17T12:50:26","modified_gmt":"2025-09-17T12:50:26","slug":"exakom","status":"publish","type":"page","link":"https:\/\/prosistav.pt\/versao2\/marcas\/exakom\/","title":{"rendered":"Exakom"},"content":{"rendered":"\t\t<div data-elementor-type=\"wp-page\" data-elementor-id=\"6118\" class=\"elementor elementor-6118\" data-elementor-post-type=\"page\">\n\t\t\t\t<div class=\"elementor-element elementor-element-47fc67b e-con-full e-flex e-con e-parent\" data-id=\"47fc67b\" data-element_type=\"container\" data-settings=\"{&quot;background_background&quot;:&quot;classic&quot;}\">\n\t\t\t\t<div class=\"elementor-element elementor-element-dfb696f elementor-widget elementor-widget-menu-anchor\" data-id=\"dfb696f\" data-element_type=\"widget\" data-widget_type=\"menu-anchor.default\">\n\t\t\t\t\t\t\t<div class=\"elementor-menu-anchor\" id=\"top\"><\/div>\n\t\t\t\t\t\t<\/div>\n\t\t\t\t<div class=\"elementor-element elementor-element-fb11aeb elementor-widget__width-initial elementor-widget elementor-widget-image\" data-id=\"fb11aeb\" data-element_type=\"widget\" data-widget_type=\"image.default\">\n\t\t\t\t\t\t\t\t\t\t\t\t\t\t\t<img fetchpriority=\"high\" decoding=\"async\" width=\"768\" height=\"354\" src=\"https:\/\/prosistav.pt\/versao2\/wp-content\/uploads\/2025\/03\/exakom-logo-768x354.png\" class=\"attachment-medium_large size-medium_large wp-image-4727\" alt=\"exakom - logo\" srcset=\"https:\/\/prosistav.pt\/versao2\/wp-content\/uploads\/2025\/03\/exakom-logo-768x354.png 768w, https:\/\/prosistav.pt\/versao2\/wp-content\/uploads\/2025\/03\/exakom-logo-300x138.png 300w, https:\/\/prosistav.pt\/versao2\/wp-content\/uploads\/2025\/03\/exakom-logo-1024x472.png 1024w, https:\/\/prosistav.pt\/versao2\/wp-content\/uploads\/2025\/03\/exakom-logo-1536x708.png 1536w, https:\/\/prosistav.pt\/versao2\/wp-content\/uploads\/2025\/03\/exakom-logo-2048x944.png 2048w\" sizes=\"(max-width: 768px) 100vw, 768px\" \/>\t\t\t\t\t\t\t\t\t\t\t\t\t\t\t<\/div>\n\t\t<div class=\"elementor-element elementor-element-1ac0428 e-flex e-con-boxed e-con e-child\" data-id=\"1ac0428\" data-element_type=\"container\">\n\t\t\t\t\t<div class=\"e-con-inner\">\n\t\t<div class=\"elementor-element elementor-element-64c7e78 animated-slow e-flex e-con-boxed elementor-invisible e-con e-child\" data-id=\"64c7e78\" data-element_type=\"container\" data-settings=\"{&quot;animation&quot;:&quot;slideInUp&quot;}\">\n\t\t\t\t\t<div class=\"e-con-inner\">\n\t\t\t\t<div class=\"elementor-element elementor-element-15bfded elementor-widget__width-inherit animated-slow elementor-invisible elementor-widget elementor-widget-text-editor\" data-id=\"15bfded\" data-element_type=\"widget\" data-settings=\"{&quot;_animation&quot;:&quot;slideInUp&quot;}\" data-widget_type=\"text-editor.default\">\n\t\t\t\t\t\t\t\t\t<p>A Exakom \u00e9 uma refer\u00eancia global no desenvolvimento de solu\u00e7\u00f5es de software para monitoriza\u00e7\u00e3o, controlo e visualiza\u00e7\u00e3o de dados industriais.<br \/>Com d\u00e9cadas de experi\u00eancia e uma forte aposta em inova\u00e7\u00e3o, a Exakom oferece ferramentas flex\u00edveis e escal\u00e1veis que transformam dados em insights valiosos, permitindo que empresas de diferentes setores otimizem processos e tomem decis\u00f5es informadas.<\/p>\t\t\t\t\t\t\t\t<\/div>\n\t\t\t\t\t<\/div>\n\t\t\t\t<\/div>\n\t\t\t\t\t<\/div>\n\t\t\t\t<\/div>\n\t\t\t\t<\/div>\n\t\t<div class=\"elementor-element elementor-element-addbc34 e-flex e-con-boxed e-con e-parent\" data-id=\"addbc34\" data-element_type=\"container\">\n\t\t\t\t\t<div class=\"e-con-inner\">\n\t\t\t\t<div class=\"elementor-element elementor-element-cd87226 elementor-widget elementor-widget-spacer\" data-id=\"cd87226\" data-element_type=\"widget\" data-widget_type=\"spacer.default\">\n\t\t\t\t\t\t\t<div class=\"elementor-spacer\">\n\t\t\t<div class=\"elementor-spacer-inner\"><\/div>\n\t\t<\/div>\n\t\t\t\t\t\t<\/div>\n\t\t\t\t<div class=\"elementor-element elementor-element-471bb70 elementor-widget__width-inherit animated-slow elementor-invisible elementor-widget elementor-widget-heading\" data-id=\"471bb70\" data-element_type=\"widget\" data-settings=\"{&quot;_animation&quot;:&quot;slideInUp&quot;}\" data-widget_type=\"heading.default\">\n\t\t\t\t\t<h2 class=\"elementor-heading-title elementor-size-default\">Monitoriza\u00e7\u00e3o e Visualiza\u00e7\u00e3o<BR> de Dados Industriais<\/h2>\t\t\t\t<\/div>\n\t\t\t\t\t<\/div>\n\t\t\t\t<\/div>\n\t\t<div class=\"elementor-element elementor-element-4d302c1 e-flex e-con-boxed e-con e-parent\" data-id=\"4d302c1\" data-element_type=\"container\">\n\t\t\t\t\t<div class=\"e-con-inner\">\n\t\t<div class=\"elementor-element elementor-element-3f61a8d e-con-full e-flex e-con e-child\" data-id=\"3f61a8d\" data-element_type=\"container\">\n\t\t<div class=\"elementor-element elementor-element-4bde8ab e-con-full e-flex e-con e-child\" data-id=\"4bde8ab\" data-element_type=\"container\" data-settings=\"{&quot;background_background&quot;:&quot;classic&quot;}\">\n\t\t\t\t<div class=\"elementor-element elementor-element-e3aacf1 elementor-invisible elementor-widget elementor-widget-image\" data-id=\"e3aacf1\" data-element_type=\"widget\" data-settings=\"{&quot;_animation&quot;:&quot;slideInUp&quot;}\" data-widget_type=\"image.default\">\n\t\t\t\t\t\t\t\t\t\t\t\t\t\t\t\t<a href=\"https:\/\/prosistav.pt\/versao2\/marcas\/exakom\/pluto-analytics\/\">\n\t\t\t\t\t\t\t<img decoding=\"async\" width=\"800\" height=\"400\" src=\"https:\/\/prosistav.pt\/versao2\/wp-content\/uploads\/2025\/06\/pluto-analytics-1-1-1024x512.png\" class=\"attachment-large size-large wp-image-7270\" alt=\"pluto analytics Soluc\u0327a\u0303o escal\u00e1vel de monitoriza\u00e7\u00e3o e an\u00e1lise de dados\" srcset=\"https:\/\/prosistav.pt\/versao2\/wp-content\/uploads\/2025\/06\/pluto-analytics-1-1-1024x512.png 1024w, https:\/\/prosistav.pt\/versao2\/wp-content\/uploads\/2025\/06\/pluto-analytics-1-1-300x150.png 300w, https:\/\/prosistav.pt\/versao2\/wp-content\/uploads\/2025\/06\/pluto-analytics-1-1-768x384.png 768w, https:\/\/prosistav.pt\/versao2\/wp-content\/uploads\/2025\/06\/pluto-analytics-1-1-1536x768.png 1536w, https:\/\/prosistav.pt\/versao2\/wp-content\/uploads\/2025\/06\/pluto-analytics-1-1.png 2000w\" sizes=\"(max-width: 800px) 100vw, 800px\" \/>\t\t\t\t\t\t\t\t<\/a>\n\t\t\t\t\t\t\t\t\t\t\t\t\t\t\t<\/div>\n\t\t\t\t<div class=\"elementor-element elementor-element-8a1931d elementor-invisible elementor-widget elementor-widget-image-box\" data-id=\"8a1931d\" data-element_type=\"widget\" data-settings=\"{&quot;_animation&quot;:&quot;fadeInDown&quot;}\" data-widget_type=\"image-box.default\">\n\t\t\t\t\t<div class=\"elementor-image-box-wrapper\"><div class=\"elementor-image-box-content\"><h3 class=\"elementor-image-box-title\"><a href=\"https:\/\/prosistav.pt\/versao2\/marcas\/exakom\/pluto-analytics\/\">Pluto<br>Analytics<\/a><\/h3><\/div><\/div>\t\t\t\t<\/div>\n\t\t\t\t<\/div>\n\t\t<div class=\"elementor-element elementor-element-49ad439 e-con-full e-flex e-con e-child\" data-id=\"49ad439\" data-element_type=\"container\" data-settings=\"{&quot;background_background&quot;:&quot;classic&quot;}\">\n\t\t\t\t<div class=\"elementor-element elementor-element-6ab4727 elementor-invisible elementor-widget elementor-widget-image\" data-id=\"6ab4727\" data-element_type=\"widget\" data-settings=\"{&quot;_animation&quot;:&quot;slideInUp&quot;}\" data-widget_type=\"image.default\">\n\t\t\t\t\t\t\t\t\t\t\t\t\t\t\t\t<a href=\"https:\/\/prosistav.pt\/versao2\/marcas\/exakom\/pluto-m2m\/\">\n\t\t\t\t\t\t\t<img decoding=\"async\" width=\"2000\" height=\"1000\" src=\"https:\/\/prosistav.pt\/versao2\/wp-content\/uploads\/2025\/04\/PLUTO-M2M-EXAKOM.png\" class=\"attachment-full size-full wp-image-6122\" alt=\"PLUTO M2M EXAKOM\" srcset=\"https:\/\/prosistav.pt\/versao2\/wp-content\/uploads\/2025\/04\/PLUTO-M2M-EXAKOM.png 2000w, https:\/\/prosistav.pt\/versao2\/wp-content\/uploads\/2025\/04\/PLUTO-M2M-EXAKOM-300x150.png 300w, https:\/\/prosistav.pt\/versao2\/wp-content\/uploads\/2025\/04\/PLUTO-M2M-EXAKOM-1024x512.png 1024w, https:\/\/prosistav.pt\/versao2\/wp-content\/uploads\/2025\/04\/PLUTO-M2M-EXAKOM-768x384.png 768w, https:\/\/prosistav.pt\/versao2\/wp-content\/uploads\/2025\/04\/PLUTO-M2M-EXAKOM-1536x768.png 1536w\" sizes=\"(max-width: 2000px) 100vw, 2000px\" \/>\t\t\t\t\t\t\t\t<\/a>\n\t\t\t\t\t\t\t\t\t\t\t\t\t\t\t<\/div>\n\t\t\t\t<div class=\"elementor-element elementor-element-cef735d elementor-invisible elementor-widget elementor-widget-image-box\" data-id=\"cef735d\" data-element_type=\"widget\" data-settings=\"{&quot;_animation&quot;:&quot;fadeInDown&quot;}\" data-widget_type=\"image-box.default\">\n\t\t\t\t\t<div class=\"elementor-image-box-wrapper\"><div class=\"elementor-image-box-content\"><h3 class=\"elementor-image-box-title\"><a href=\"https:\/\/prosistav.pt\/versao2\/marcas\/exakom\/pluto-m2m\/\">Pluto<br> M2M<\/a><\/h3><p class=\"elementor-image-box-description\">\n<\/p><\/div><\/div>\t\t\t\t<\/div>\n\t\t\t\t<\/div>\n\t\t\t\t<\/div>\n\t\t\t\t\t<\/div>\n\t\t\t\t<\/div>\n\t\t<div class=\"elementor-element elementor-element-48bb5c0 e-flex e-con-boxed e-con e-parent\" data-id=\"48bb5c0\" data-element_type=\"container\">\n\t\t\t\t\t<div class=\"e-con-inner\">\n\t\t<div class=\"elementor-element elementor-element-4e9fe58 e-con-full e-flex e-con e-child\" data-id=\"4e9fe58\" data-element_type=\"container\" data-settings=\"{&quot;background_background&quot;:&quot;classic&quot;}\">\n\t\t<div class=\"elementor-element elementor-element-6c745d1 e-con-full e-flex e-con e-child\" data-id=\"6c745d1\" data-element_type=\"container\">\n\t\t\t\t<div class=\"elementor-element elementor-element-f93769b e-transform elementor-invisible elementor-widget elementor-widget-heading\" data-id=\"f93769b\" data-element_type=\"widget\" data-settings=\"{&quot;_transform_scale_effect_hover&quot;:{&quot;unit&quot;:&quot;px&quot;,&quot;size&quot;:1.2,&quot;sizes&quot;:[]},&quot;_animation&quot;:&quot;slideInUp&quot;,&quot;_transform_scale_effect_hover_tablet&quot;:{&quot;unit&quot;:&quot;px&quot;,&quot;size&quot;:&quot;&quot;,&quot;sizes&quot;:[]},&quot;_transform_scale_effect_hover_mobile&quot;:{&quot;unit&quot;:&quot;px&quot;,&quot;size&quot;:&quot;&quot;,&quot;sizes&quot;:[]}}\" data-widget_type=\"heading.default\">\n\t\t\t\t\t<h2 class=\"elementor-heading-title elementor-size-default\">veja um resumo das solu\u00e7\u00f5es da exakom<\/h2>\t\t\t\t<\/div>\n\t\t\t\t<div class=\"elementor-element elementor-element-48a37db e-transform elementor-view-default elementor-invisible elementor-widget elementor-widget-icon\" data-id=\"48a37db\" data-element_type=\"widget\" data-settings=\"{&quot;_transform_translateY_effect_hover&quot;:{&quot;unit&quot;:&quot;px&quot;,&quot;size&quot;:23,&quot;sizes&quot;:[]},&quot;_animation&quot;:&quot;slideInUp&quot;,&quot;_animation_delay&quot;:10,&quot;_transform_translateX_effect_hover&quot;:{&quot;unit&quot;:&quot;px&quot;,&quot;size&quot;:&quot;&quot;,&quot;sizes&quot;:[]},&quot;_transform_translateX_effect_hover_tablet&quot;:{&quot;unit&quot;:&quot;px&quot;,&quot;size&quot;:&quot;&quot;,&quot;sizes&quot;:[]},&quot;_transform_translateX_effect_hover_mobile&quot;:{&quot;unit&quot;:&quot;px&quot;,&quot;size&quot;:&quot;&quot;,&quot;sizes&quot;:[]},&quot;_transform_translateY_effect_hover_tablet&quot;:{&quot;unit&quot;:&quot;px&quot;,&quot;size&quot;:&quot;&quot;,&quot;sizes&quot;:[]},&quot;_transform_translateY_effect_hover_mobile&quot;:{&quot;unit&quot;:&quot;px&quot;,&quot;size&quot;:&quot;&quot;,&quot;sizes&quot;:[]}}\" data-widget_type=\"icon.default\">\n\t\t\t\t\t\t\t<div class=\"elementor-icon-wrapper\">\n\t\t\t<div class=\"elementor-icon\">\n\t\t\t<svg xmlns=\"http:\/\/www.w3.org\/2000\/svg\" viewBox=\"0 0 16 61\"><path d=\"M7.293 60.707a1 1 0 0 0 1.414 0l6.364-6.364a1 1 0 0 0-1.414-1.414L8 58.586l-5.657-5.657A1 1 0 0 0 .93 54.343l6.364 6.364ZM7 0v60h2V0H7Z\"><\/path><\/svg>\t\t\t<\/div>\n\t\t<\/div>\n\t\t\t\t\t\t<\/div>\n\t\t\t\t<\/div>\n\t\t\t\t<\/div>\n\t\t\t\t\t<\/div>\n\t\t\t\t<\/div>\n\t\t<div class=\"elementor-element elementor-element-27731c0 e-con-full e-flex e-con e-parent\" data-id=\"27731c0\" data-element_type=\"container\">\n\t\t<div class=\"elementor-element elementor-element-d8171f1 e-flex e-con-boxed e-con e-child\" data-id=\"d8171f1\" data-element_type=\"container\" data-settings=\"{&quot;background_background&quot;:&quot;classic&quot;}\">\n\t\t\t\t\t<div class=\"e-con-inner\">\n\t\t<div class=\"elementor-element elementor-element-06a82f0 e-con-full e-flex e-con e-child\" data-id=\"06a82f0\" data-element_type=\"container\">\n\t\t\t\t<div class=\"elementor-element elementor-element-7aa7954 animated-slow elementor-invisible elementor-widget elementor-widget-heading\" data-id=\"7aa7954\" data-element_type=\"widget\" data-settings=\"{&quot;_animation&quot;:&quot;slideInUp&quot;}\" data-widget_type=\"heading.default\">\n\t\t\t\t\t<h2 class=\"elementor-heading-title elementor-size-default\">pluto analytics<\/h2>\t\t\t\t<\/div>\n\t\t\t\t<div class=\"elementor-element elementor-element-1458c8d elementor-invisible elementor-widget elementor-widget-text-editor\" data-id=\"1458c8d\" data-element_type=\"widget\" data-settings=\"{&quot;_animation&quot;:&quot;slideInUp&quot;}\" data-widget_type=\"text-editor.default\">\n\t\t\t\t\t\t\t\t\t<p>Uma solu\u00e7\u00e3o de software simples, totalmente configur\u00e1vel e extremamente vers\u00e1til, que permite realizar an\u00e1lises em tempo real, monitoriza\u00e7\u00e3o cont\u00ednua, relat\u00f3rios autom\u00e1ticos, acesso por dispositivos m\u00f3veis, mapeamento de instala\u00e7\u00f5es e muito mais.<\/p><p>Concebido para ligar e recolher dados de edif\u00edcios, m\u00e1quinas e instala\u00e7\u00f5es industriais, combina elevado desempenho com uma qualidade gr\u00e1fica impressionante, superando as expectativas dos utilizadores mais exigentes.<\/p>\t\t\t\t\t\t\t\t<\/div>\n\t\t\t\t<div class=\"elementor-element elementor-element-92b18df elementor-align-left elementor-mobile-align-center elementor-invisible elementor-widget elementor-widget-button\" data-id=\"92b18df\" data-element_type=\"widget\" data-settings=\"{&quot;_animation&quot;:&quot;slideInUp&quot;}\" data-widget_type=\"button.default\">\n\t\t\t\t\t\t\t\t\t\t<a class=\"elementor-button elementor-button-link elementor-size-lg elementor-animation-grow\" href=\"https:\/\/prosistav.pt\/versao2\/marcas\/exakom\/pluto-analytics\/\">\n\t\t\t\t\t\t<span class=\"elementor-button-content-wrapper\">\n\t\t\t\t\t\t\t\t\t<span class=\"elementor-button-text\">Ver mais<\/span>\n\t\t\t\t\t<\/span>\n\t\t\t\t\t<\/a>\n\t\t\t\t\t\t\t\t<\/div>\n\t\t\t\t<\/div>\n\t\t\t\t<div class=\"elementor-element elementor-element-ae4bc25 elementor-widget elementor-widget-image\" data-id=\"ae4bc25\" data-element_type=\"widget\" data-widget_type=\"image.default\">\n\t\t\t\t\t\t\t\t\t\t\t\t\t\t\t<img loading=\"lazy\" decoding=\"async\" width=\"768\" height=\"434\" src=\"https:\/\/prosistav.pt\/versao2\/wp-content\/uploads\/2025\/06\/pluto-analytics--768x434.png\" class=\"attachment-medium_large size-medium_large wp-image-7265\" alt=\"pluto analytics Soluc\u0327a\u0303o escal\u00e1vel de monitoriza\u00e7\u00e3o e an\u00e1lise de dados\" srcset=\"https:\/\/prosistav.pt\/versao2\/wp-content\/uploads\/2025\/06\/pluto-analytics--768x434.png 768w, https:\/\/prosistav.pt\/versao2\/wp-content\/uploads\/2025\/06\/pluto-analytics--300x170.png 300w, https:\/\/prosistav.pt\/versao2\/wp-content\/uploads\/2025\/06\/pluto-analytics--1024x579.png 1024w, https:\/\/prosistav.pt\/versao2\/wp-content\/uploads\/2025\/06\/pluto-analytics-.png 1472w\" sizes=\"(max-width: 768px) 100vw, 768px\" \/>\t\t\t\t\t\t\t\t\t\t\t\t\t\t\t<\/div>\n\t\t\t\t\t<\/div>\n\t\t\t\t<\/div>\n\t\t\t\t<\/div>\n\t\t<div class=\"elementor-element elementor-element-a487f0e e-con-full e-flex elementor-invisible e-con e-parent\" data-id=\"a487f0e\" data-element_type=\"container\" data-settings=\"{&quot;animation&quot;:&quot;fadeInLeft&quot;}\">\n\t\t\t\t<div class=\"elementor-element elementor-element-69ca176 elementor-widget elementor-widget-image\" data-id=\"69ca176\" data-element_type=\"widget\" data-widget_type=\"image.default\">\n\t\t\t\t\t\t\t\t\t\t\t\t\t\t\t<img loading=\"lazy\" decoding=\"async\" width=\"1366\" height=\"100\" src=\"https:\/\/prosistav.pt\/versao2\/wp-content\/uploads\/2025\/07\/banner2.png\" class=\"attachment-full size-full wp-image-7521\" alt=\"\" srcset=\"https:\/\/prosistav.pt\/versao2\/wp-content\/uploads\/2025\/07\/banner2.png 1366w, https:\/\/prosistav.pt\/versao2\/wp-content\/uploads\/2025\/07\/banner2-300x22.png 300w, https:\/\/prosistav.pt\/versao2\/wp-content\/uploads\/2025\/07\/banner2-1024x75.png 1024w, https:\/\/prosistav.pt\/versao2\/wp-content\/uploads\/2025\/07\/banner2-768x56.png 768w\" sizes=\"(max-width: 1366px) 100vw, 1366px\" \/>\t\t\t\t\t\t\t\t\t\t\t\t\t\t\t<\/div>\n\t\t\t\t<\/div>\n\t\t<div class=\"elementor-element elementor-element-7519205 e-con-full e-flex e-con e-parent\" data-id=\"7519205\" data-element_type=\"container\">\n\t\t<div class=\"elementor-element elementor-element-bf5da76 e-flex e-con-boxed e-con e-child\" data-id=\"bf5da76\" data-element_type=\"container\" data-settings=\"{&quot;background_background&quot;:&quot;classic&quot;}\">\n\t\t\t\t\t<div class=\"e-con-inner\">\n\t\t<div class=\"elementor-element elementor-element-1363330 e-con-full e-flex e-con e-child\" data-id=\"1363330\" data-element_type=\"container\">\n\t\t\t\t<div class=\"elementor-element elementor-element-6e4d378 animated-slow elementor-invisible elementor-widget elementor-widget-heading\" data-id=\"6e4d378\" data-element_type=\"widget\" data-settings=\"{&quot;_animation&quot;:&quot;slideInUp&quot;}\" data-widget_type=\"heading.default\">\n\t\t\t\t\t<h2 class=\"elementor-heading-title elementor-size-default\">pluto m2m<\/h2>\t\t\t\t<\/div>\n\t\t\t\t<div class=\"elementor-element elementor-element-bd97c18 elementor-invisible elementor-widget elementor-widget-text-editor\" data-id=\"bd97c18\" data-element_type=\"widget\" data-settings=\"{&quot;_animation&quot;:&quot;slideInUp&quot;}\" data-widget_type=\"text-editor.default\">\n\t\t\t\t\t\t\t\t\t<p>O Pluto M2M \u00e9 uma solu\u00e7\u00e3o avan\u00e7ada de gest\u00e3o remota de ativos, que combina unidades de telecontrolo fi\u00e1veis com uma aplica\u00e7\u00e3o web empresarial, permitindo controlo, diagn\u00f3stico, monitoriza\u00e7\u00e3o e an\u00e1lise de dados a partir de qualquer local.<\/p><p>O Pluto M2M permite, por exemplo, receber automaticamente alertas quando um equipamento se aproxima de um limite operacional cr\u00edtico, possibilitando uma interven\u00e7\u00e3o preventiva antes que ocorra uma falha ou dano maior.<\/p>\t\t\t\t\t\t\t\t<\/div>\n\t\t\t\t<div class=\"elementor-element elementor-element-e737586 elementor-align-left elementor-mobile-align-center elementor-invisible elementor-widget elementor-widget-button\" data-id=\"e737586\" data-element_type=\"widget\" data-settings=\"{&quot;_animation&quot;:&quot;slideInUp&quot;}\" data-widget_type=\"button.default\">\n\t\t\t\t\t\t\t\t\t\t<a class=\"elementor-button elementor-button-link elementor-size-lg elementor-animation-grow\" href=\"https:\/\/prosistav.pt\/versao2\/marcas\/exakom\/pluto-m2m\/\">\n\t\t\t\t\t\t<span class=\"elementor-button-content-wrapper\">\n\t\t\t\t\t\t\t\t\t<span class=\"elementor-button-text\">Ver mais<\/span>\n\t\t\t\t\t<\/span>\n\t\t\t\t\t<\/a>\n\t\t\t\t\t\t\t\t<\/div>\n\t\t\t\t<\/div>\n\t\t\t\t<div class=\"elementor-element elementor-element-ab3fc3e elementor-widget elementor-widget-image\" data-id=\"ab3fc3e\" data-element_type=\"widget\" data-widget_type=\"image.default\">\n\t\t\t\t\t\t\t\t\t\t\t\t\t\t\t<img loading=\"lazy\" decoding=\"async\" width=\"768\" height=\"384\" src=\"https:\/\/prosistav.pt\/versao2\/wp-content\/uploads\/2025\/04\/PLUTO-M2M-EXAKOM-768x384.png\" class=\"attachment-medium_large size-medium_large wp-image-6122\" alt=\"PLUTO M2M EXAKOM\" srcset=\"https:\/\/prosistav.pt\/versao2\/wp-content\/uploads\/2025\/04\/PLUTO-M2M-EXAKOM-768x384.png 768w, https:\/\/prosistav.pt\/versao2\/wp-content\/uploads\/2025\/04\/PLUTO-M2M-EXAKOM-300x150.png 300w, https:\/\/prosistav.pt\/versao2\/wp-content\/uploads\/2025\/04\/PLUTO-M2M-EXAKOM-1024x512.png 1024w, https:\/\/prosistav.pt\/versao2\/wp-content\/uploads\/2025\/04\/PLUTO-M2M-EXAKOM-1536x768.png 1536w, https:\/\/prosistav.pt\/versao2\/wp-content\/uploads\/2025\/04\/PLUTO-M2M-EXAKOM.png 2000w\" sizes=\"(max-width: 768px) 100vw, 768px\" \/>\t\t\t\t\t\t\t\t\t\t\t\t\t\t\t<\/div>\n\t\t\t\t\t<\/div>\n\t\t\t\t<\/div>\n\t\t\t\t<\/div>\n\t\t<div class=\"elementor-element elementor-element-baf5e19 e-con-full e-flex elementor-invisible e-con e-parent\" data-id=\"baf5e19\" data-element_type=\"container\" data-settings=\"{&quot;animation&quot;:&quot;fadeInRight&quot;}\">\n\t\t\t\t<div class=\"elementor-element elementor-element-3e4a011 elementor-widget elementor-widget-image\" data-id=\"3e4a011\" data-element_type=\"widget\" data-widget_type=\"image.default\">\n\t\t\t\t\t\t\t\t\t\t\t\t\t\t\t<img loading=\"lazy\" decoding=\"async\" width=\"1366\" height=\"100\" src=\"https:\/\/prosistav.pt\/versao2\/wp-content\/uploads\/2025\/07\/banner-1.png\" class=\"attachment-full size-full wp-image-7525\" alt=\"\" srcset=\"https:\/\/prosistav.pt\/versao2\/wp-content\/uploads\/2025\/07\/banner-1.png 1366w, https:\/\/prosistav.pt\/versao2\/wp-content\/uploads\/2025\/07\/banner-1-300x22.png 300w, https:\/\/prosistav.pt\/versao2\/wp-content\/uploads\/2025\/07\/banner-1-1024x75.png 1024w, https:\/\/prosistav.pt\/versao2\/wp-content\/uploads\/2025\/07\/banner-1-768x56.png 768w\" sizes=\"(max-width: 1366px) 100vw, 1366px\" \/>\t\t\t\t\t\t\t\t\t\t\t\t\t\t\t<\/div>\n\t\t\t\t<\/div>\n\t\t<div class=\"elementor-element elementor-element-c7de204 e-con-full e-flex elementor-invisible e-con e-parent\" data-id=\"c7de204\" data-element_type=\"container\" data-settings=\"{&quot;background_background&quot;:&quot;classic&quot;,&quot;animation&quot;:&quot;slideInUp&quot;}\">\n\t\t\t\t<div class=\"elementor-element elementor-element-6670e63 elementor-cta--layout-image-right elementor-cta--valign-middle elementor-cta--skin-classic elementor-animated-content elementor-widget elementor-widget-call-to-action\" data-id=\"6670e63\" data-element_type=\"widget\" data-widget_type=\"call-to-action.default\">\n\t\t\t\t\t\t\t<a class=\"elementor-cta\" href=\"https:\/\/www.exakom.com\/index.php\" target=\"_blank\">\n\t\t\t\t\t<div class=\"elementor-cta__bg-wrapper\">\n\t\t\t\t<div class=\"elementor-cta__bg elementor-bg\" style=\"background-image: url(https:\/\/prosistav.pt\/versao2\/wp-content\/uploads\/2025\/04\/EXAKOM-WEBSITE-768x658.png);\" role=\"img\" aria-label=\"EXAKOM WEBSITE\"><\/div>\n\t\t\t\t<div class=\"elementor-cta__bg-overlay\"><\/div>\n\t\t\t<\/div>\n\t\t\t\t\t\t\t<div class=\"elementor-cta__content\">\n\t\t\t\t\n\t\t\t\t\t\t\t\t\t<h2 class=\"elementor-cta__title elementor-cta__content-item elementor-content-item\">\n\t\t\t\t\t\tVisite o website da marca\t\t\t\t\t<\/h2>\n\t\t\t\t\n\t\t\t\t\n\t\t\t\t\t\t\t\t\t<div class=\"elementor-cta__button-wrapper elementor-cta__content-item elementor-content-item \">\n\t\t\t\t\t<span class=\"elementor-cta__button elementor-button elementor-size-\">\n\t\t\t\t\t\tEXAKOM\t\t\t\t\t<\/span>\n\t\t\t\t\t<\/div>\n\t\t\t\t\t\t\t<\/div>\n\t\t\t\t\t\t<\/a>\n\t\t\t\t\t\t<\/div>\n\t\t\t\t<\/div>\n\t\t<div class=\"elementor-element elementor-element-74634db e-con-full e-flex e-con e-parent\" data-id=\"74634db\" data-element_type=\"container\" data-settings=\"{&quot;background_background&quot;:&quot;classic&quot;}\">\n\t\t\t\t<div class=\"elementor-element elementor-element-1bc6439 elementor-widget elementor-widget-heading\" data-id=\"1bc6439\" data-element_type=\"widget\" data-widget_type=\"heading.default\">\n\t\t\t\t\t<h1 class=\"elementor-heading-title elementor-size-default\">Acrescentamos Criatividade e Tecnologia \u00e0s Suas Ideias\n<\/h1>\t\t\t\t<\/div>\n\t\t\t\t<div class=\"elementor-element elementor-element-552ca1a elementor-widget__width-initial elementor-fixed elementor-view-default elementor-widget elementor-widget-icon\" data-id=\"552ca1a\" data-element_type=\"widget\" data-settings=\"{&quot;_position&quot;:&quot;fixed&quot;}\" data-widget_type=\"icon.default\">\n\t\t\t\t\t\t\t<div class=\"elementor-icon-wrapper\">\n\t\t\t<a class=\"elementor-icon\" href=\"#TOP\">\n\t\t\t<svg aria-hidden=\"true\" class=\"e-font-icon-svg e-fas-chevron-up\" viewBox=\"0 0 448 512\" xmlns=\"http:\/\/www.w3.org\/2000\/svg\"><path d=\"M240.971 130.524l194.343 194.343c9.373 9.373 9.373 24.569 0 33.941l-22.667 22.667c-9.357 9.357-24.522 9.375-33.901.04L224 227.495 69.255 381.516c-9.379 9.335-24.544 9.317-33.901-.04l-22.667-22.667c-9.373-9.373-9.373-24.569 0-33.941L207.03 130.525c9.372-9.373 24.568-9.373 33.941-.001z\"><\/path><\/svg>\t\t\t<\/a>\n\t\t<\/div>\n\t\t\t\t\t\t<\/div>\n\t\t\t\t<\/div>\n\t\t\t\t<\/div>\n\t\t","protected":false},"excerpt":{"rendered":"<p>L\u00edder global em tecnologia, a ABB oferece solu\u00e7\u00f5es inovadoras em motores el\u00e9tricos, drives, automa\u00e7\u00e3o industrial e seguran\u00e7a de m\u00e1quinas. <\/p>\n","protected":false},"author":1,"featured_media":4398,"parent":149,"menu_order":0,"comment_status":"closed","ping_status":"closed","template":"elementor_header_footer","meta":{"_exactmetrics_skip_tracking":false,"_exactmetrics_sitenote_active":false,"_exactmetrics_sitenote_note":"","_exactmetrics_sitenote_category":0,"footnotes":""},"class_list":["post-6118","page","type-page","status-publish","has-post-thumbnail","hentry"],"_links":{"self":[{"href":"https:\/\/prosistav.pt\/versao2\/wp-json\/wp\/v2\/pages\/6118","targetHints":{"allow":["GET"]}}],"collection":[{"href":"https:\/\/prosistav.pt\/versao2\/wp-json\/wp\/v2\/pages"}],"about":[{"href":"https:\/\/prosistav.pt\/versao2\/wp-json\/wp\/v2\/types\/page"}],"author":[{"embeddable":true,"href":"https:\/\/prosistav.pt\/versao2\/wp-json\/wp\/v2\/users\/1"}],"replies":[{"embeddable":true,"href":"https:\/\/prosistav.pt\/versao2\/wp-json\/wp\/v2\/comments?post=6118"}],"version-history":[{"count":79,"href":"https:\/\/prosistav.pt\/versao2\/wp-json\/wp\/v2\/pages\/6118\/revisions"}],"predecessor-version":[{"id":9704,"href":"https:\/\/prosistav.pt\/versao2\/wp-json\/wp\/v2\/pages\/6118\/revisions\/9704"}],"up":[{"embeddable":true,"href":"https:\/\/prosistav.pt\/versao2\/wp-json\/wp\/v2\/pages\/149"}],"wp:featuredmedia":[{"embeddable":true,"href":"https:\/\/prosistav.pt\/versao2\/wp-json\/wp\/v2\/media\/4398"}],"wp:attachment":[{"href":"https:\/\/prosistav.pt\/versao2\/wp-json\/wp\/v2\/media?parent=6118"}],"curies":[{"name":"wp","href":"https:\/\/api.w.org\/{rel}","templated":true}]}}