{"id":7321,"date":"2025-06-27T09:57:13","date_gmt":"2025-06-27T09:57:13","guid":{"rendered":"https:\/\/prosistav.pt\/versao2\/?page_id=7321"},"modified":"2025-09-17T13:32:44","modified_gmt":"2025-09-17T13:32:44","slug":"consolas","status":"publish","type":"page","link":"https:\/\/prosistav.pt\/versao2\/marcas\/fatek-3\/consolas\/","title":{"rendered":"Consolas"},"content":{"rendered":"\t\t<div data-elementor-type=\"wp-page\" data-elementor-id=\"7321\" class=\"elementor elementor-7321\" data-elementor-post-type=\"page\">\n\t\t\t\t<div class=\"elementor-element elementor-element-2295e1af e-con-full e-flex e-con e-parent\" data-id=\"2295e1af\" data-element_type=\"container\" data-settings=\"{&quot;background_background&quot;:&quot;classic&quot;}\">\n\t\t\t\t<div class=\"elementor-element elementor-element-9006bd4 elementor-widget elementor-widget-menu-anchor\" data-id=\"9006bd4\" data-element_type=\"widget\" data-widget_type=\"menu-anchor.default\">\n\t\t\t\t\t\t\t<div class=\"elementor-menu-anchor\" id=\"TOP\"><\/div>\n\t\t\t\t\t\t<\/div>\n\t\t\t\t<div class=\"elementor-element elementor-element-5ec47afb elementor-widget__width-initial elementor-widget elementor-widget-image\" data-id=\"5ec47afb\" data-element_type=\"widget\" data-widget_type=\"image.default\">\n\t\t\t\t\t\t\t\t\t\t\t\t\t\t\t<img fetchpriority=\"high\" decoding=\"async\" width=\"832\" height=\"244\" src=\"https:\/\/prosistav.pt\/versao2\/wp-content\/uploads\/2017\/10\/Fatek.png\" class=\"attachment-full size-full wp-image-420\" alt=\"Fatek plcs hmi e servomotores\" srcset=\"https:\/\/prosistav.pt\/versao2\/wp-content\/uploads\/2017\/10\/Fatek.png 832w, https:\/\/prosistav.pt\/versao2\/wp-content\/uploads\/2017\/10\/Fatek-300x88.png 300w, https:\/\/prosistav.pt\/versao2\/wp-content\/uploads\/2017\/10\/Fatek-768x225.png 768w, https:\/\/prosistav.pt\/versao2\/wp-content\/uploads\/2017\/10\/Fatek-830x243.png 830w, https:\/\/prosistav.pt\/versao2\/wp-content\/uploads\/2017\/10\/Fatek-230x67.png 230w, https:\/\/prosistav.pt\/versao2\/wp-content\/uploads\/2017\/10\/Fatek-350x103.png 350w, https:\/\/prosistav.pt\/versao2\/wp-content\/uploads\/2017\/10\/Fatek-480x141.png 480w\" sizes=\"(max-width: 832px) 100vw, 832px\" \/>\t\t\t\t\t\t\t\t\t\t\t\t\t\t\t<\/div>\n\t\t\t\t<\/div>\n\t\t<div class=\"elementor-element elementor-element-2689e504 e-flex e-con-boxed e-con e-parent\" data-id=\"2689e504\" data-element_type=\"container\" data-settings=\"{&quot;background_background&quot;:&quot;classic&quot;}\">\n\t\t\t\t\t<div class=\"e-con-inner\">\n\t\t<div class=\"elementor-element elementor-element-598c3308 e-con-full e-flex e-con e-child\" data-id=\"598c3308\" data-element_type=\"container\">\n\t\t\t\t<div class=\"elementor-element elementor-element-38da9af animated-slow elementor-invisible elementor-widget elementor-widget-heading\" data-id=\"38da9af\" data-element_type=\"widget\" data-settings=\"{&quot;_animation&quot;:&quot;slideInUp&quot;}\" data-widget_type=\"heading.default\">\n\t\t\t\t\t<h1 class=\"elementor-heading-title elementor-size-default\">CONSOLAS T\u00c1TEIS<\/h1>\t\t\t\t<\/div>\n\t\t\t\t<div class=\"elementor-element elementor-element-7dc0b317 elementor-invisible elementor-widget elementor-widget-text-editor\" data-id=\"7dc0b317\" data-element_type=\"widget\" data-settings=\"{&quot;_animation&quot;:&quot;slideInUp&quot;}\" data-widget_type=\"text-editor.default\">\n\t\t\t\t\t\t\t\t\t<p>As consolas t\u00e1teis Fatek oferecem o equil\u00edbrio perfeito entre design ergon\u00f3mico, desempenho elevado e facilidade de utiliza\u00e7\u00e3o. Com processador de 1\u202fGHz, liga\u00e7\u00e3o USB Type\u2011C e ecr\u00e3s de 4,3\u2033 a 15\u2033 com margens ultra\u2011finas, proporcionam uma experi\u00eancia de opera\u00e7\u00e3o intuitiva e fluida em variadas aplica\u00e7\u00f5es industriais.<\/p>\t\t\t\t\t\t\t\t<\/div>\n\t\t\t\t<\/div>\n\t\t\t\t\t<\/div>\n\t\t\t\t<\/div>\n\t\t<div class=\"elementor-element elementor-element-1ab5c6a e-con-full e-flex elementor-invisible e-con e-parent\" data-id=\"1ab5c6a\" data-element_type=\"container\" data-settings=\"{&quot;animation&quot;:&quot;slideInUp&quot;}\">\n\t\t\t\t<div class=\"elementor-element elementor-element-9c1a411 elementor-widget elementor-widget-image\" data-id=\"9c1a411\" data-element_type=\"widget\" data-widget_type=\"image.default\">\n\t\t\t\t\t\t\t\t\t\t\t\t\t\t\t<img decoding=\"async\" width=\"1850\" height=\"600\" src=\"https:\/\/prosistav.pt\/versao2\/wp-content\/uploads\/2025\/06\/HMI-ZENIT-FATEK.png\" class=\"attachment-full size-full wp-image-7324\" alt=\"Consolas Tateis HMI Zenit da Fatek, para uma intera\u00e7\u00e3o Homem-maquina\" srcset=\"https:\/\/prosistav.pt\/versao2\/wp-content\/uploads\/2025\/06\/HMI-ZENIT-FATEK.png 1850w, https:\/\/prosistav.pt\/versao2\/wp-content\/uploads\/2025\/06\/HMI-ZENIT-FATEK-300x97.png 300w, https:\/\/prosistav.pt\/versao2\/wp-content\/uploads\/2025\/06\/HMI-ZENIT-FATEK-1024x332.png 1024w, https:\/\/prosistav.pt\/versao2\/wp-content\/uploads\/2025\/06\/HMI-ZENIT-FATEK-768x249.png 768w, https:\/\/prosistav.pt\/versao2\/wp-content\/uploads\/2025\/06\/HMI-ZENIT-FATEK-1536x498.png 1536w\" sizes=\"(max-width: 1850px) 100vw, 1850px\" \/>\t\t\t\t\t\t\t\t\t\t\t\t\t\t\t<\/div>\n\t\t\t\t<\/div>\n\t\t<div class=\"elementor-element elementor-element-f558b14 e-flex e-con-boxed e-con e-parent\" data-id=\"f558b14\" data-element_type=\"container\" data-settings=\"{&quot;background_background&quot;:&quot;classic&quot;}\">\n\t\t\t\t\t<div class=\"e-con-inner\">\n\t\t<div class=\"elementor-element elementor-element-e31f42c e-con-full e-flex e-con e-child\" data-id=\"e31f42c\" data-element_type=\"container\">\n\t\t<div class=\"elementor-element elementor-element-f85751d e-con-full e-flex elementor-invisible e-con e-child\" data-id=\"f85751d\" data-element_type=\"container\" data-settings=\"{&quot;animation&quot;:&quot;slideInUp&quot;}\">\n\t\t\t\t<div class=\"elementor-element elementor-element-3b7e6a4 elementor-widget elementor-widget-heading\" data-id=\"3b7e6a4\" data-element_type=\"widget\" data-widget_type=\"heading.default\">\n\t\t\t\t\t<h1 class=\"elementor-heading-title elementor-size-default\">s\u00e9rie u7<\/h1>\t\t\t\t<\/div>\n\t\t\t\t<div class=\"elementor-element elementor-element-6382cb4 elementor-position-top elementor-widget elementor-widget-image-box\" data-id=\"6382cb4\" data-element_type=\"widget\" data-widget_type=\"image-box.default\">\n\t\t\t\t\t<div class=\"elementor-image-box-wrapper\"><figure class=\"elementor-image-box-img\"><img decoding=\"async\" width=\"1000\" height=\"1000\" src=\"https:\/\/prosistav.pt\/versao2\/wp-content\/uploads\/2025\/06\/hmi-fatek-serie-u7.jpg\" class=\"attachment-full size-full wp-image-7326\" alt=\"Fatek HMI serie U7\" srcset=\"https:\/\/prosistav.pt\/versao2\/wp-content\/uploads\/2025\/06\/hmi-fatek-serie-u7.jpg 1000w, https:\/\/prosistav.pt\/versao2\/wp-content\/uploads\/2025\/06\/hmi-fatek-serie-u7-300x300.jpg 300w, https:\/\/prosistav.pt\/versao2\/wp-content\/uploads\/2025\/06\/hmi-fatek-serie-u7-150x150.jpg 150w, https:\/\/prosistav.pt\/versao2\/wp-content\/uploads\/2025\/06\/hmi-fatek-serie-u7-768x768.jpg 768w\" sizes=\"(max-width: 1000px) 100vw, 1000px\" \/><\/figure><div class=\"elementor-image-box-content\"><p class=\"elementor-image-box-description\">Consolas HMI com <b>prote\u00e7\u00e3o IP66<\/b> <b>para ambientes adversos<\/b>, toler\u00e2ncia a <b>temperaturas extremas<\/b>, <b>dupla porta Ethernet <\/b>e <b>suporte a consultas SQL integradas<\/b>. Com <b>processador potente<\/b> e <b>design robusto<\/b>, s\u00e3o ideais para aplica\u00e7\u00f5es exigentes na ind\u00fastria pesada, energia ou transporte.<\/p><\/div><\/div>\t\t\t\t<\/div>\n\t\t\t\t<\/div>\n\t\t<div class=\"elementor-element elementor-element-6cd9286 e-con-full e-flex elementor-invisible e-con e-child\" data-id=\"6cd9286\" data-element_type=\"container\" data-settings=\"{&quot;animation&quot;:&quot;slideInUp&quot;}\">\n\t\t\t\t<div class=\"elementor-element elementor-element-1961922 elementor-widget elementor-widget-heading\" data-id=\"1961922\" data-element_type=\"widget\" data-widget_type=\"heading.default\">\n\t\t\t\t\t<h1 class=\"elementor-heading-title elementor-size-default\"><b>s\u00e9rie p5<\/b><\/h1>\t\t\t\t<\/div>\n\t\t\t\t<div class=\"elementor-element elementor-element-02a086e elementor-position-top elementor-widget elementor-widget-image-box\" data-id=\"02a086e\" data-element_type=\"widget\" data-widget_type=\"image-box.default\">\n\t\t\t\t\t<div class=\"elementor-image-box-wrapper\"><figure class=\"elementor-image-box-img\"><img loading=\"lazy\" decoding=\"async\" width=\"1000\" height=\"1000\" src=\"https:\/\/prosistav.pt\/versao2\/wp-content\/uploads\/2025\/06\/hmi-fatek-serie-P5.jpg\" class=\"attachment-full size-full wp-image-7325\" alt=\"HMI Fatek serie P5\" srcset=\"https:\/\/prosistav.pt\/versao2\/wp-content\/uploads\/2025\/06\/hmi-fatek-serie-P5.jpg 1000w, https:\/\/prosistav.pt\/versao2\/wp-content\/uploads\/2025\/06\/hmi-fatek-serie-P5-300x300.jpg 300w, https:\/\/prosistav.pt\/versao2\/wp-content\/uploads\/2025\/06\/hmi-fatek-serie-P5-150x150.jpg 150w, https:\/\/prosistav.pt\/versao2\/wp-content\/uploads\/2025\/06\/hmi-fatek-serie-P5-768x768.jpg 768w\" sizes=\"(max-width: 1000px) 100vw, 1000px\" \/><\/figure><div class=\"elementor-image-box-content\"><p class=\"elementor-image-box-description\">Combinam desempenho e versatilidade, com <b>CPU de 1\u202fGH<\/b>z, <b>r\u00e1cio ecr\u00e3\/estrutura otimizado<\/b> e <b>interface USB Type\u2011C<\/b> para transfer\u00eancia r\u00e1pida de dados\u202f. Dispon\u00edveis em <b>modelos de 4,3\u2033 a 15\u2033<\/b>, estas HMIs ajustam-se a m\u00faltiplas aplica\u00e7\u00f5es industriais, oferecendo uma experi\u00eancia intuitiva ao operador.<\/p><\/div><\/div>\t\t\t\t<\/div>\n\t\t\t\t<\/div>\n\t\t<div class=\"elementor-element elementor-element-c9c5b1a e-con-full e-flex elementor-invisible e-con e-child\" data-id=\"c9c5b1a\" data-element_type=\"container\" data-settings=\"{&quot;animation&quot;:&quot;slideInUp&quot;}\">\n\t\t\t\t<div class=\"elementor-element elementor-element-9340b8b elementor-widget elementor-widget-heading\" data-id=\"9340b8b\" data-element_type=\"widget\" data-widget_type=\"heading.default\">\n\t\t\t\t\t<h1 class=\"elementor-heading-title elementor-size-default\">acess\u00f3rios<\/h1>\t\t\t\t<\/div>\n\t\t\t\t<div class=\"elementor-element elementor-element-d6f26d1 elementor-position-top elementor-widget elementor-widget-image-box\" data-id=\"d6f26d1\" data-element_type=\"widget\" data-widget_type=\"image-box.default\">\n\t\t\t\t\t<div class=\"elementor-image-box-wrapper\"><figure class=\"elementor-image-box-img\"><img loading=\"lazy\" decoding=\"async\" width=\"1000\" height=\"1000\" src=\"https:\/\/prosistav.pt\/versao2\/wp-content\/uploads\/2025\/06\/acessorios-HMI-fatek-zenit.jpg\" class=\"attachment-full size-full wp-image-7327\" alt=\"Acessorios IIoT para HMI Fatek\" srcset=\"https:\/\/prosistav.pt\/versao2\/wp-content\/uploads\/2025\/06\/acessorios-HMI-fatek-zenit.jpg 1000w, https:\/\/prosistav.pt\/versao2\/wp-content\/uploads\/2025\/06\/acessorios-HMI-fatek-zenit-300x300.jpg 300w, https:\/\/prosistav.pt\/versao2\/wp-content\/uploads\/2025\/06\/acessorios-HMI-fatek-zenit-150x150.jpg 150w, https:\/\/prosistav.pt\/versao2\/wp-content\/uploads\/2025\/06\/acessorios-HMI-fatek-zenit-768x768.jpg 768w\" sizes=\"(max-width: 1000px) 100vw, 1000px\" \/><\/figure><div class=\"elementor-image-box-content\"><p class=\"elementor-image-box-description\">Acess\u00f3rios para tornar as HMIs mais funcionais e seguras, como o <b>m\u00f3dulo RFID\/NFC<\/b>  para uma <b><span data-start=\"414\" data-end=\"453\">autentica\u00e7\u00e3o segura de utilizadores<\/span> por cart\u00e3o RFID<\/b> e <b>o m\u00f3dulo de Leitor de C\u00f3digo de Barras<\/b> para liga\u00e7\u00e3o de leitores USB para <strong data-start=\"696\" data-end=\"758\">registo r\u00e1pido de produtos, receitas ou dados operacionais.<\/strong>\n<\/p><\/div><\/div>\t\t\t\t<\/div>\n\t\t\t\t<\/div>\n\t\t\t\t<\/div>\n\t\t\t\t\t<\/div>\n\t\t\t\t<\/div>\n\t\t<div class=\"elementor-element elementor-element-72a23bc2 e-flex e-con-boxed e-con e-parent\" data-id=\"72a23bc2\" data-element_type=\"container\" data-settings=\"{&quot;background_background&quot;:&quot;classic&quot;}\">\n\t\t\t\t\t<div class=\"e-con-inner\">\n\t\t\t\t<div class=\"elementor-element elementor-element-5cadcfe elementor-widget-divider--view-line elementor-widget elementor-widget-divider\" data-id=\"5cadcfe\" data-element_type=\"widget\" data-widget_type=\"divider.default\">\n\t\t\t\t\t\t\t<div class=\"elementor-divider\">\n\t\t\t<span class=\"elementor-divider-separator\">\n\t\t\t\t\t\t<\/span>\n\t\t<\/div>\n\t\t\t\t\t\t<\/div>\n\t\t\t\t<div class=\"elementor-element elementor-element-5befad12 elementor-widget elementor-widget-heading\" data-id=\"5befad12\" data-element_type=\"widget\" data-widget_type=\"heading.default\">\n\t\t\t\t\t<h6 class=\"elementor-heading-title elementor-size-default\">conhe\u00e7a melhor as solu\u00e7\u00f5es<\/h6>\t\t\t\t<\/div>\n\t\t\t\t<div class=\"elementor-element elementor-element-4effb049 elementor-widget elementor-widget-heading\" data-id=\"4effb049\" data-element_type=\"widget\" data-widget_type=\"heading.default\">\n\t\t\t\t\t<h1 class=\"elementor-heading-title elementor-size-default\">Automatize com intelig\u00eancia<\/h1>\t\t\t\t<\/div>\n\t\t\t\t<div class=\"elementor-element elementor-element-6fb9408 elementor-widget elementor-widget-heading\" data-id=\"6fb9408\" data-element_type=\"widget\" data-widget_type=\"heading.default\">\n\t\t\t\t\t<h5 class=\"elementor-heading-title elementor-size-default\">Veja o que a Fatek pode fazer por si<\/h5>\t\t\t\t<\/div>\n\t\t\t\t<div class=\"elementor-element elementor-element-555fd2dd elementor-align-center elementor-widget elementor-widget-button\" data-id=\"555fd2dd\" data-element_type=\"widget\" data-widget_type=\"button.default\">\n\t\t\t\t\t\t\t\t\t\t<a class=\"elementor-button elementor-button-link elementor-size-sm\" href=\"https:\/\/www.fatek.com\/en\/product.php?act=category&#038;cid=1\">\n\t\t\t\t\t\t<span class=\"elementor-button-content-wrapper\">\n\t\t\t\t\t\t\t\t\t<span class=\"elementor-button-text\">saber mais<\/span>\n\t\t\t\t\t<\/span>\n\t\t\t\t\t<\/a>\n\t\t\t\t\t\t\t\t<\/div>\n\t\t\t\t<div class=\"elementor-element elementor-element-32f9c86 elementor-widget-divider--view-line elementor-widget elementor-widget-divider\" data-id=\"32f9c86\" data-element_type=\"widget\" data-widget_type=\"divider.default\">\n\t\t\t\t\t\t\t<div class=\"elementor-divider\">\n\t\t\t<span class=\"elementor-divider-separator\">\n\t\t\t\t\t\t<\/span>\n\t\t<\/div>\n\t\t\t\t\t\t<\/div>\n\t\t\t\t\t<\/div>\n\t\t\t\t<\/div>\n\t\t<div class=\"elementor-element elementor-element-68a0cc7 e-flex e-con-boxed e-con e-parent\" data-id=\"68a0cc7\" data-element_type=\"container\" data-settings=\"{&quot;background_background&quot;:&quot;classic&quot;}\">\n\t\t\t\t\t<div class=\"e-con-inner\">\n\t\t<div class=\"elementor-element elementor-element-2accafc e-con-full e-flex e-con e-child\" data-id=\"2accafc\" data-element_type=\"container\">\n\t\t\t\t<div class=\"elementor-element elementor-element-de7e833 e-transform elementor-invisible elementor-widget elementor-widget-heading\" data-id=\"de7e833\" data-element_type=\"widget\" data-settings=\"{&quot;_transform_scale_effect_hover&quot;:{&quot;unit&quot;:&quot;px&quot;,&quot;size&quot;:1.2,&quot;sizes&quot;:[]},&quot;_animation&quot;:&quot;slideInUp&quot;,&quot;_transform_scale_effect_hover_tablet&quot;:{&quot;unit&quot;:&quot;px&quot;,&quot;size&quot;:&quot;&quot;,&quot;sizes&quot;:[]},&quot;_transform_scale_effect_hover_mobile&quot;:{&quot;unit&quot;:&quot;px&quot;,&quot;size&quot;:&quot;&quot;,&quot;sizes&quot;:[]}}\" data-widget_type=\"heading.default\">\n\t\t\t\t\t<h2 class=\"elementor-heading-title elementor-size-default\">Volte para todas as solu\u00e7\u00f5es fatek<\/h2>\t\t\t\t<\/div>\n\t\t\t\t<div class=\"elementor-element elementor-element-8518e4e e-transform elementor-view-default elementor-invisible elementor-widget elementor-widget-icon\" data-id=\"8518e4e\" data-element_type=\"widget\" data-settings=\"{&quot;_transform_translateY_effect_hover&quot;:{&quot;unit&quot;:&quot;px&quot;,&quot;size&quot;:23,&quot;sizes&quot;:[]},&quot;_animation&quot;:&quot;slideInUp&quot;,&quot;_animation_delay&quot;:10,&quot;_transform_translateX_effect_hover&quot;:{&quot;unit&quot;:&quot;px&quot;,&quot;size&quot;:&quot;&quot;,&quot;sizes&quot;:[]},&quot;_transform_translateX_effect_hover_tablet&quot;:{&quot;unit&quot;:&quot;px&quot;,&quot;size&quot;:&quot;&quot;,&quot;sizes&quot;:[]},&quot;_transform_translateX_effect_hover_mobile&quot;:{&quot;unit&quot;:&quot;px&quot;,&quot;size&quot;:&quot;&quot;,&quot;sizes&quot;:[]},&quot;_transform_translateY_effect_hover_tablet&quot;:{&quot;unit&quot;:&quot;px&quot;,&quot;size&quot;:&quot;&quot;,&quot;sizes&quot;:[]},&quot;_transform_translateY_effect_hover_mobile&quot;:{&quot;unit&quot;:&quot;px&quot;,&quot;size&quot;:&quot;&quot;,&quot;sizes&quot;:[]}}\" data-widget_type=\"icon.default\">\n\t\t\t\t\t\t\t<div class=\"elementor-icon-wrapper\">\n\t\t\t<div class=\"elementor-icon\">\n\t\t\t<svg xmlns=\"http:\/\/www.w3.org\/2000\/svg\" viewBox=\"0 0 16 61\"><path d=\"M7.293 60.707a1 1 0 0 0 1.414 0l6.364-6.364a1 1 0 0 0-1.414-1.414L8 58.586l-5.657-5.657A1 1 0 0 0 .93 54.343l6.364 6.364ZM7 0v60h2V0H7Z\"><\/path><\/svg>\t\t\t<\/div>\n\t\t<\/div>\n\t\t\t\t\t\t<\/div>\n\t\t\t\t<div class=\"elementor-element elementor-element-6db7323 elementor-align-left elementor-invisible elementor-widget elementor-widget-button\" data-id=\"6db7323\" data-element_type=\"widget\" data-settings=\"{&quot;_animation&quot;:&quot;slideInUp&quot;}\" data-widget_type=\"button.default\">\n\t\t\t\t\t\t\t\t\t\t<a class=\"elementor-button elementor-button-link elementor-size-md elementor-animation-grow\" href=\"https:\/\/prosistav.pt\/versao2\/marcas\/fatek-3\/\">\n\t\t\t\t\t\t<span class=\"elementor-button-content-wrapper\">\n\t\t\t\t\t\t\t\t\t<span class=\"elementor-button-text\">voltar para fatek<\/span>\n\t\t\t\t\t<\/span>\n\t\t\t\t\t<\/a>\n\t\t\t\t\t\t\t\t<\/div>\n\t\t\t\t<\/div>\n\t\t\t\t\t<\/div>\n\t\t\t\t<\/div>\n\t\t<div class=\"elementor-element elementor-element-c73fe1e e-con-full e-flex e-con e-parent\" data-id=\"c73fe1e\" data-element_type=\"container\">\n\t\t<div class=\"elementor-element elementor-element-1b579bb e-con-full e-flex elementor-invisible e-con e-child\" data-id=\"1b579bb\" data-element_type=\"container\" data-settings=\"{&quot;background_background&quot;:&quot;classic&quot;,&quot;animation&quot;:&quot;slideInUp&quot;}\">\n\t\t\t\t<div class=\"elementor-element elementor-element-db79af8 elementor-cta--layout-image-right elementor-cta--valign-middle elementor-cta--skin-classic elementor-animated-content elementor-widget elementor-widget-call-to-action\" data-id=\"db79af8\" data-element_type=\"widget\" data-widget_type=\"call-to-action.default\">\n\t\t\t\t\t\t\t<a class=\"elementor-cta\" href=\"https:\/\/www.fatek.com\/en\" target=\"_blank\">\n\t\t\t\t\t<div class=\"elementor-cta__bg-wrapper\">\n\t\t\t\t<div class=\"elementor-cta__bg elementor-bg\" style=\"background-image: url(https:\/\/prosistav.pt\/versao2\/wp-content\/uploads\/2025\/03\/fatek-1-768x658.png);\" role=\"img\" aria-label=\"fatek website\"><\/div>\n\t\t\t\t<div class=\"elementor-cta__bg-overlay\"><\/div>\n\t\t\t<\/div>\n\t\t\t\t\t\t\t<div class=\"elementor-cta__content\">\n\t\t\t\t\n\t\t\t\t\t\t\t\t\t<h2 class=\"elementor-cta__title elementor-cta__content-item elementor-content-item\">\n\t\t\t\t\t\tVisite o website da marca\t\t\t\t\t<\/h2>\n\t\t\t\t\n\t\t\t\t\n\t\t\t\t\t\t\t\t\t<div class=\"elementor-cta__button-wrapper elementor-cta__content-item elementor-content-item \">\n\t\t\t\t\t<span class=\"elementor-cta__button elementor-button elementor-size-\">\n\t\t\t\t\t\tFATEK\t\t\t\t\t<\/span>\n\t\t\t\t\t<\/div>\n\t\t\t\t\t\t\t<\/div>\n\t\t\t\t\t\t<\/a>\n\t\t\t\t\t\t<\/div>\n\t\t\t\t<\/div>\n\t\t\t\t<\/div>\n\t\t<div class=\"elementor-element elementor-element-55eaa4a4 e-con-full e-flex e-con e-parent\" data-id=\"55eaa4a4\" data-element_type=\"container\" data-settings=\"{&quot;background_background&quot;:&quot;classic&quot;}\">\n\t\t\t\t<div class=\"elementor-element elementor-element-22a16dea elementor-widget elementor-widget-heading\" data-id=\"22a16dea\" data-element_type=\"widget\" data-widget_type=\"heading.default\">\n\t\t\t\t\t<h1 class=\"elementor-heading-title elementor-size-default\">Acrescentamos Criatividade e Tecnologia \u00e0s Suas Ideias\n<\/h1>\t\t\t\t<\/div>\n\t\t\t\t<div class=\"elementor-element elementor-element-a0bb7b7 elementor-widget__width-initial elementor-fixed elementor-view-default elementor-widget elementor-widget-icon\" data-id=\"a0bb7b7\" data-element_type=\"widget\" data-settings=\"{&quot;_position&quot;:&quot;fixed&quot;}\" data-widget_type=\"icon.default\">\n\t\t\t\t\t\t\t<div class=\"elementor-icon-wrapper\">\n\t\t\t<a class=\"elementor-icon\" href=\"#TOP\">\n\t\t\t<svg aria-hidden=\"true\" class=\"e-font-icon-svg e-fas-chevron-up\" viewBox=\"0 0 448 512\" xmlns=\"http:\/\/www.w3.org\/2000\/svg\"><path d=\"M240.971 130.524l194.343 194.343c9.373 9.373 9.373 24.569 0 33.941l-22.667 22.667c-9.357 9.357-24.522 9.375-33.901.04L224 227.495 69.255 381.516c-9.379 9.335-24.544 9.317-33.901-.04l-22.667-22.667c-9.373-9.373-9.373-24.569 0-33.941L207.03 130.525c9.372-9.373 24.568-9.373 33.941-.001z\"><\/path><\/svg>\t\t\t<\/a>\n\t\t<\/div>\n\t\t\t\t\t\t<\/div>\n\t\t\t\t<\/div>\n\t\t\t\t<\/div>\n\t\t","protected":false},"excerpt":{"rendered":"<p>CONSOLAS T\u00c1TEIS As consolas t\u00e1teis Fatek oferecem o equil\u00edbrio perfeito entre design ergon\u00f3mico, desempenho elevado e facilidade de utiliza\u00e7\u00e3o. Com processador de 1\u202fGHz, liga\u00e7\u00e3o USB Type\u2011C e ecr\u00e3s de 4,3\u2033 [&hellip;]<\/p>\n","protected":false},"author":1,"featured_media":0,"parent":7275,"menu_order":0,"comment_status":"closed","ping_status":"closed","template":"elementor_header_footer","meta":{"_exactmetrics_skip_tracking":false,"_exactmetrics_sitenote_active":false,"_exactmetrics_sitenote_note":"","_exactmetrics_sitenote_category":0,"footnotes":""},"class_list":["post-7321","page","type-page","status-publish","hentry"],"_links":{"self":[{"href":"https:\/\/prosistav.pt\/versao2\/wp-json\/wp\/v2\/pages\/7321","targetHints":{"allow":["GET"]}}],"collection":[{"href":"https:\/\/prosistav.pt\/versao2\/wp-json\/wp\/v2\/pages"}],"about":[{"href":"https:\/\/prosistav.pt\/versao2\/wp-json\/wp\/v2\/types\/page"}],"author":[{"embeddable":true,"href":"https:\/\/prosistav.pt\/versao2\/wp-json\/wp\/v2\/users\/1"}],"replies":[{"embeddable":true,"href":"https:\/\/prosistav.pt\/versao2\/wp-json\/wp\/v2\/comments?post=7321"}],"version-history":[{"count":34,"href":"https:\/\/prosistav.pt\/versao2\/wp-json\/wp\/v2\/pages\/7321\/revisions"}],"predecessor-version":[{"id":9737,"href":"https:\/\/prosistav.pt\/versao2\/wp-json\/wp\/v2\/pages\/7321\/revisions\/9737"}],"up":[{"embeddable":true,"href":"https:\/\/prosistav.pt\/versao2\/wp-json\/wp\/v2\/pages\/7275"}],"wp:attachment":[{"href":"https:\/\/prosistav.pt\/versao2\/wp-json\/wp\/v2\/media?parent=7321"}],"curies":[{"name":"wp","href":"https:\/\/api.w.org\/{rel}","templated":true}]}}